rs of t?
47
Let m be (-263)/4 + 4/(-16). Let k = 143 + m. List the prime factors of k.
7, 11
Suppose -2*k - 5*q = 4, 2*q + 2*q + 5 = -k. Suppose 62 = -k*s + 221. What are the prime factors of s?
53
Let p be 4/(-14) - 4849/(-91). Let o = p + 6. What are the prime factors of o?
59
Let m(c) = c**3 + 8*c**2 + 9*c + 14. Let r be m(-7). Suppose -6*n + 170 + 112 = r. List the prime factors of n.
47
Let w(p) = 2*p**2 + 23*p + 38. What are the prime factors of w(12)?
2, 7, 43
Suppose -2*b = -3 - 5. Suppose 5*v - 40 = 5*l - 265, -148 = -4*l - b*v. What are the prime factors of l?
41
Let y(d) = -d**3 + 2*d**2 + 10*d - 4. Let i = 26 + -22. List the prime factors of y(i).
2
Suppose 11*o + 18 = 9*o. What are the prime factors of ((-33)/o - -3)*24?
2, 5
Let l(q) = 22 + 3 - q**3 - 13 + 8*q**2. List the prime factors of l(7).
61
Let u(j) = j**2 - 10*j + 4. Let n be u(10). Suppose -n*o = o - 440. Let d = 134 - o. List the prime factors of d.
2, 23
Let b(c) = -c**3 + 11*c**2 + 11*c + 13. Let z be b(12). What are the prime factors of z + (-3 + 74 - 1)?
71
Suppose -4*s + 2*w - w + 4892 = 0, 3*s = -3*w + 3654. What are the prime factors of s?
2, 13, 47
Suppose -2*p + 0*t + 7 = 3*t, 0 = -5*p + 3*t - 14. Let o = -3 + p. Let h(a) = 2*a**2 + 3*a + 6. What are the prime factors of h(o)?
2, 13
Suppose q + 2*q + 5*s = 25, -q - 20 = -4*s. Suppose -3 = 5*j - 28. Suppose -4*v + 20 = q, -158 - 7 = -j*y - v. List the prime factors of y.
2
Let w = 3531 + -2383. List the prime factors of w.
2, 7, 41
Suppose 4*m - 1676 = 2*m - c, -2509 = -3*m - 4*c. What are the prime factors of m?
839
Suppose 0*i = -i - 2*l + 46, 3*i = -5*l + 139. Let y be (i/15)/(12/(-90)). Let f = y + 62. List the prime factors of f.
2, 19
Suppose 5*y + 185 - 50 = 0. Let x = y - 12. Let n = x - -56. What are the prime factors of n?
17
Let m = -37 - -616. List the prime factors of m.
3, 193
Suppose -5*u + 119 = -41. Let a = u - -21. Suppose 51 + a = 4*i. What are the prime factors of i?
2, 13
Let b = -196 - -927. What are the prime factors of b?
17, 43
What are the prime factors of (-2023)/(-9) - 70/(-315)?
3, 5
Let c be 4/4 + 18 - 1. Suppose 0 = -3*g + 51 - c. What are the prime factors of g?
11
Let t = -61 - -112. Suppose 2 = -364*s + 365*s. Suppose 0 = d + s*d - t. What are the prime factors of d?
17
What are the prime factors of 0/44 + (-892)/(-1)?
2, 223
Let n(q) = 5*q**2 + 4*q + 16. What are the prime factors of n(-4)?
2, 5
Let t(h) = 6*h**2 + 33*h - 11. Let l(y) = y**2 + y. Let v(s) = -14*l(s) + 2*t(s). List the prime factors of v(22).
2, 7, 11
Let o = 86 - 3. Suppose 0 = -3*p + 3*l - 8*l + 25, -l = 3*p - 5. Suppose p = -4*z + o + 57. List the prime factors of z.
5, 7
Let v(s) = s**3 - 6*s**2 + 7*s. Let n be v(4). What are the prime factors of (-5 - (-56)/24)*438/n?
2, 73
Let x = 389 - -1370. List the prime factors of x.
1759
Suppose 3774 = 6*a - 2298. Suppose -8*b - 3*b = -a. List the prime factors of b.
2, 23
Let t(s) = 59*s**2 + 3*s + 2. Let f(h) = -h**3 + 8*h**2 - 9*h + 13. Let a be f(7). Let j be t(a). Let c = j - 28. List the prime factors of c.
2, 3, 5
Let f(y) = 2 + 7*y**3 - 5*y - 3*y**3 - 3*y**3 - 4*y**2. Let g be f(5). Suppose r - g = 14. What are the prime factors of r?
2
Let n = 361 - 85. Let a = 388 - n. What are the prime factors of a?
2, 7
Let v(p) = 5*p + 6*p + 5*p + 4 - p**2 + 0*p**2. Let r be v(16). Suppose 0 = 2*f - 4*f - r*o + 60, 0 = -3*f - 4*o + 90. What are the prime factors of f?
2, 3, 5
Let q = -67 + 32. List the prime factors of (-4)/10 - 504/q.
2, 7
Let t(g) = 21*g + 4. Suppose -39 = -5*b - 4*j + 63, -4*j = -12. Let i be (-4)/(-14)*(b - 11). What are the prime factors of t(i)?
2, 23
Let x = -610 + 2109. What are the prime factors of x?
1499
Let x(k) = 2*k**2 + 5*k - 3. Suppose l - 24 = -2*l. Let o = l + -5. What are the prime factors of x(o)?
2, 3, 5
Suppose 5*k - 10442 = 4*a, 0 = 5*k + 4*a + a - 10415. What are the prime factors of k?
2, 7, 149
Suppose -6 = 3*g, -73 = -5*k - 4*g - 226. Let c(u) = u**3 - 7*u**2 + 9*u + 8. Let a be c(7). Let r = k + a. What are the prime factors of r?
2, 3, 7
Suppose 0 = -5*o - 3*u + 13851, 3*u + 11097 = 8*o - 4*o. What are the prime factors of o?
2, 3, 7, 11
Let r(n) = 21*n**2 - n. Suppose -2*z + 1 = -z. Let i be 2*z*5/10. List the prime factors of r(i).
2, 5
Suppose 4214 = 3*g - a, 2*g = 5*a + 1721 + 1110. What are the prime factors of g?
23, 61
Suppose -5*f - 4*h = -23, 4*h - 15 = -3*f + 2. Let c(j) = 12 - f*j - 13 + 4*j + 36*j**3. List the prime factors of c(1).
2, 3
Let m(j) = j**3 - 2*j**2 - 10*j + 1. Let v be m(-3). What are the prime factors of 1 - 170/(-1)*(-7)/v?
2, 43
Let n = 642 + -630. Suppose -u + 2*v - 5 = 0, -3*u - 3*v = -2*u - 20. Suppose u*y = -n + 262. List the prime factors of y.
2, 5
Let t(s) = s**3 + 23*s**2 + 21*s - 16. Let v be t(-22). Let b(d) = -d**3 + 8*d**2 - 3*d + 5. What are the prime factors of b(v)?
59
Suppose -n + 3*n + 30 = 0. Let r = n - -17. Suppose 7 = t - r. What are the prime factors of t?
3
What are the prime factors of 14/(-8) + 4270/8?
2, 7, 19
Let o(b) = 5*b. Let d = 4 - 3. Let l be o(d). Suppose -l*n - 22 = -6*n. What are the prime factors of n?
2, 11
Suppose 2*c + 2*i + 4488 = 4*c, -3*c + 6722 = 2*i. List the prime factors of c.
2, 19, 59
Let s = -32 + 57. Let v be (2 + (-2)/(-6))*-3. Let q = v + s. What are the prime factors of q?
2, 3
Suppose 0 = 3*a + 4*i - 128, -4*a + i - 92 = -6*a. Suppose -46*p + a*p - 148 = 0. List the prime factors of p.
2, 37
Suppose -8 + 2 = 3*s, -2*w + s + 34 = 0. Suppose -4*y + 64 = -w. List the prime factors of y.
2, 5
Suppose 0 = t - 4*c - 15, 0*c = 2*t + 3*c + 3. Suppose 4*w = 5*i - 891, 2*i = t*i + 5*w - 184. List the prime factors of i.
179
Let t be 4/3 - 300/36. Let q(r) = -r**2 + r + 1. Let f be q(3). Let v = f - t. List the prime factors of v.
2
Let s(o) = -o**2 - 16*o + 37. Let y be s(-15). What are the prime factors of (-10)/(-25)*-5 + y/1?
2, 5
Suppose 0 = 3*t + 2*t + 70. Let y(g) = -g**2 - 17*g + 19. Let l be y(t). Suppose 0 = -5*h + l + 79. What are the prime factors of h?
2, 7
Suppose 2*h + 3 = 7. Let l(w) = -2*w**3 + 4*w**2 + w**3 + 2 + w + 2*w**3 + 2*w**h. List the prime factors of l(-3).
2, 13
Suppose 4*g - 71 - 7 = -2*h, 0 = h + 5*g - 48. What are the prime factors of 1162/8 - h/(-44)?
2, 73
Let p(i) be the first derivative of 5*i**2/2 - i - 2. Let m be p(1). Suppose -2*b + m*b - 76 = 0. List the prime factors of b.
2, 19
Suppose -843 = 23*w + 77. Let t(s) = 7*s**2 + 2*s - 3. Let m be t(3). Let z = w + m. What are the prime factors of z?
2, 13
Suppose -4*t + 2468 = -4*s, 4*t - 5*t = -3*s - 611. What are the prime factors of t?
2, 5, 31
Let u(k) = -k**3 - 18*k**2 - 20*k + 12. Let j be u(-17). Suppose 4*r + 11 = -169. Let o = r + j. What are the prime factors of o?
2, 3
Let k be 22 + 0 + 3 + -1. Suppose k = 4*b - b. Suppose 4*p = b*p - 120. What are the prime factors of p?
2, 3, 5
Let z = -314 - -566. Suppose -2*x + 2*n + 256 = 2*x, 0 = 4*x - 3*n - z. List the prime factors of x.
2, 3, 11
Suppose -89*x + 428732 + 69846 = 0. List the prime factors of x.
2, 2801
Let n = 786 + -1216. List the prime factors of n/(-3)*54/45.
2, 43
What are the prime factors of -7 - (-11 + 20 - 1214)?
2, 599
Let q(y) = y**3 + 6*y**2 - 6*y - 3. Let s be q(-7). Let a = s + -2. List the prime factors of (a/(-18))/((-6)/(-189)).
3, 7
Suppose 860 + 1620 = 5*g. Let u = -246 + g. What are the prime factors of u?
2, 5
Suppose -o - 5 = -3. Let s be 40/14 + o/(-14). Suppose -61 = -s*u - 4*x, 3*u - 3*x - 14 = 82. What are the prime factors of u?
3
Let q(d) = -d**3 - 11*d**2 - 9*d - 4. List the prime factors of q(-13).
11, 41
Let s = 3 - -9. Suppose -32 - s = -2*b. Suppose -h + b = 4*i - 35, -4*i + 3*h + 37 = 0. List the prime factors of i.
13
Let x(g) = g**3 + 6*g**2 - g + 4. Let c(k) = -2*k**2 - 8*k + 4. Let a be c(-6). Let m = a + 17. List the prime factors of x(m).
2, 17
Let t(a) = 357*a**3 + 3*a**2 - 6*a + 4. What are the prime factors of t(1)?
2, 179
Suppose -4*d = -3*u - 278, -4*u + 2*u - 192 = -d. Let x = -63 - u. List the prime factors of x.
5, 7
What are the prime factors of (0 + -1 - -723) + 4/4?
3, 241
Let m = -15 - -9. What are the prime factors of (m/18)/(2/(-594))?
3, 11
Suppose 6041 = 63*y - 27475. List the prime factors of y.
2, 7, 19
Let o = 71 + 1043. List the prime f